t d(v) = v**2 - 18*v - 5. Give d(18).
-5
Let q(l) = -l**3 + l**2 + 4*l + 1. What is q(-2)?
5
Let z(d) = 47*d - 22. What is z(-5)?
-257
Let m(v) = 12*v - 3. What is m(-1)?
-15
Let g(j) = -j - 8. Calculate g(-5).
-3
Let k(i) = 11*i + 3. Give k(-1).
-8
Let a(y) = y**3 + 7*y**2 + 6*y - 4. Give a(-6).
-4
Let t(l) = -2*l**2 - 100*l - 84. Give t(-49).
14
Let h(j) = j + 8. Calculate h(-14).
-6
Let a(g) = g**2 + 3*g - 1. Determine a(1).
3
Let p(q) = q**3 - 9*q**2 - 15*q + 14. Give p(10).
-36
Let q(w) = -w**2 + 8*w - 12. Determine q(7).
-5
Let m(j) = 2*j**2 + 47*j + 34. Calculate m(-23).
11
Let v(k) = k - 9. Calculate v(7).
-2
Let f(z) = z**3 - 20*z**2 - z + 16. Give f(20).
-4
Let g(b) = b**3 + 5*b**2 - 5*b - 5. Give g(-4).
31
Let x(a) = a**2 - 18*a + 37. Calculate x(16).
5
Let r(z) = -14*z**3 + z**2 - 1. Give r(2).
-109
Let s(y) = y**3 - 2*y**2 + 2*y + 10. Give s(0).
10
Let g(i) = i**2 - 24*i + 38. Give g(22).
-6
Let v(m) = m**2 - 13*m - 42. Calculate v(15).
-12
Let u(z) = 4*z + 92. Determine u(-24).
-4
Let h(m) = m**3 - 5*m**2 + 22*m - 65. Give h(4).
7
Let n(r) = -2*r**3 + 6*r**2 - 3*r + 1. Calculate n(4).
-43
Let x(z) = z**3 - 4*z**2 - 13*z + 13. Calculate x(6).
7
Let g(n) = -n - 15. Determine g(-21).
6
Let u(t) = -6*t + 47. Determine u(8).
-1
Let u(x) = x**3 - 12*x**2 + 9*x + 12. Give u(11).
-10
Let n(h) = -3*h**2 - 53*h - 39. Calculate n(-17).
-5
Let v(f) = 6*f + 3. Give v(3).
21
Let t(h) = h - 5. Give t(8).
3
Let u(h) = -3*h**3 - 14*h**2 + 5*h + 6. What is u(-5)?
6
Let y(r) = -8*r - 451. Calculate y(-56).
-3
Let b(i) = 3*i**2 - 4*i - 9. Give b(4).
23
Let p(o) = -9*o - 6. Calculate p(-2).
12
Let a(s) = 4*s + 1. Give a(-1).
-3
Let g(d) = 144*d + 866. Give g(-6).
2
Let s(b) = b + 16. Determine s(-7).
9
Let h(r) = -13*r - 85. What is h(-5)?
-20
Let j(h) = h**3 + 14*h**2 + 23*h - 17. What is j(-12)?
-5
Let c(z) = -3*z + 22. Give c(8).
-2
Let h(c) = 2*c**3 + 2*c**2 - 26*c - 4. Determine h(-4).
4
Let z(x) = x**2 - 3*x + 8. Calculate z(4).
12
Let m(p) = -p**3 - 6*p**2 - 4*p - 20. Determine m(-7).
57
Let l(v) = v**3 - 7*v - 8. Calculate l(-3).
-14
Let z(a) = -6*a - 6. Give z(7).
-48
Let h(w) = w**2 + 2*w - 4. Calculate h(4).
20
Let y(j) = -j**2 - 5*j + 3. Give y(-5).
3
Let h(c) = -2*c**2 - 19*c + 7. What is h(-10)?
-3
Let d(m) = -11*m. Determine d(-1).
11
Let k(b) = -b**3 + 2*b - 15. What is k(-3)?
6
Let k(p) = -3*p**2 - 10*p - 19. Give k(-3).
-16
Let n(r) = r**3 - 4*r**2 - r + 2. Determine n(4).
-2
Let c(j) = -6*j**2 + 4*j + 1. What is c(-4)?
-111
Let q(z) = -31*z + 161. What is q(5)?
6
Let b(g) = g - 29. Determine b(16).
-13
Let s(q) = -q - 16. Give s(8).
-24
Let y(u) = -u**3 + 6*u**2 - 2*u + 6. Calculate y(5).
21
Let x(n) = n**2 + 5. Give x(-4).
21
Let c(h) = -h**3 - 9*h**2 + 5*h + 33. Calculate c(-9).
-12
Let o(p) = -p**3 - 13*p**2 - 11*p + 6. Calculate o(-12).
-6
Let v(k) = 5*k**3 - 2*k**2 - 4*k + 4. Determine v(2).
28
Let d(j) = 21*j - 137. Give d(8).
31
Let m(z) = z**3 - 4*z**2 - 3*z + 1. Determine m(0).
1
Let q(r) = -r**3 + 7*r**2 + 10*r - 12. Determine q(8).
4
Let z(i) = -9*i + 9. Determine z(-4).
45
Let b(o) = 12*o - 6. Calculate b(1).
6
Let h(x) = -x**2 + 7*x - 1. Give h(3).
11
Let b(g) = 18*g - 2. Determine b(2).
34
Let g(l) = -l**3 + 9*l**2 - 21*l + 2. Determine g(6).
-16
Let c(n) = 6*n + 20. Give c(-8).
-28
Let j(y) = -3*y**2 - 50*y - 19. What is j(-16)?
13
Let o(r) = -r**3 + 16*r**2 - r + 15. Determine o(16).
-1
Let a(p) = -3*p**2 + 6*p - 3. What is a(6)?
-75
Let y(i) = -i**2 - i - 2. Give y(-2).
-4
Let d(b) = -12*b + 764. Calculate d(63).
8
Let m(d) = d**3 - 14*d**2 + 12*d + 19. Determine m(13).
6
Let m(r) = -r**3 + 25*r**2 + 2*r - 61. Determine m(25).
-11
Let w(s) = 10*s - 69. Calculate w(7).
1
Let t(f) = f**2 - 6*f - 70. Determine t(9).
-43
Let c(g) = 2*g**2 - 13*g + 18. Determine c(3).
-3
Let g(o) = -o**2 - 14*o - 41. Determine g(-10).
-1
Let f(d) = 7*d - 19. What is f(-9)?
-82
Let i(k) = -k**2 - 7*k - 8. What is i(-9)?
-26
Let d(m) = m**3 - 6*m**2 - 5*m + 21. What is d(6)?
-9
Let b(y) = y**3 + 7*y**2 + 11*y - 17. Determine b(-6).
-47
Let v(x) = x**2 - 7*x - 7. Determine v(5).
-17
Let s(m) = -2*m**2 - m - 25. Calculate s(-5).
-70
Let b(v) = 11*v - 3. Give b(2).
19
Let h(y) = -39*y + 19. Determine h(2).
-59
Let b(c) = -3*c**2 + 6*c + 10. Determine b(3).
1
Let a(x) = 56*x. Calculate a(-1).
-56
Let x(l) = -l**3 + 11*l**2 + 16. Give x(11).
16
Let n(h) = -h**3 - 15*h**2 - 13*h - 2. Give n(-14).
-16
Let y(a) = -9*a**2 - 4*a + 7. Determine y(2).
-37
Let m(p) = 3*p + 2. Give m(0).
2
Let m(q) = -q**2 + 11*q - 16. What is m(9)?
2
Let a(z) = -26*z - 20. Give a(-1).
6
Let n(b) = b**3 - 10*b**2 + 5*b + 21. Give n(9).
-15
Let b(a) = 5*a + 6. Give b(-5).
-19
Let s(q) = q**3 - 13*q**2 + 13*q - 18. Calculate s(12).
-6
Let a(t) = -6*t + 21. Calculate a(4).
-3
Let x(o) = o**2 + 13*o + 5. What is x(-4)?
-31
Let i(j) = j**2 - 12*j - 1. Give i(12).
-1
Let y(n) = 12*n - 13. Give y(4).
35
Let x(z) = z**2 - 18*z + 19. Give x(15).
-26
Let j(i) = -3*i + 149. What is j(51)?
-4
Let d(p) = p**2 - 5*p - 88. What is d(12)?
-4
Let s(q) = q**2 + 5*q + 8. Give s(-3).
2
Let v(f) = -f**2 - 3*f + 4. Determine v(-5).
-6
Let k(u) = -8*u - 52. Give k(-6).
-4
Let w(v) = v**3 - 11*v**2 + 17*v. Give w(9).
-9
Let o(u) = u + 7. Give o(1).
8
Let c(g) = 2*g + 5. Determine c(-12).
-19
Let t(d) = -4*d**3 - d**2. What is t(1)?
-5
Let t(r) = -14*r - 10. Give t(-1).
4
Let v(w) = w**3 - 7*w**2 + 8*w + 6. Give v(6).
18
Let n(d) = d**2 - 12*d + 20. What is n(3)?
-7
Let u(g) = g**3 - 16*g**2 + 11*g + 8. Determine u(15).
-52
Let r(u) = -2*u**2 - 12*u + 21. What is r(-12)?
-123
Let x(b) = -2*b**3 - 7*b**2 - 6*b - 5. What is x(-4)?
35
Let i(q) = -q**3 - 15*q**2 - 9*q + 7. Calculate i(-14).
-63
Let x(g) = -11*g - 20. Give x(-6).
46
Let c(l) = 2*l + 21. Calculate c(-5).
11
Let n(l) = l**2 - 17*l - 41. What is n(16)?
-57
Let g(a) = -2*a**2 + 20*a - 15. Determine g(11).
-37
Let n(l) = -l**3 - 9*l**2 - 19*l + 5. Determine n(-4).
1
Let l(i) = -3*i - 9. Calculate l(11).
-42
Let c(l) = l**3 + 5*l**2 + 3*l + 1. Calculate c(-4).
5
Let l(r) = r**3 - r + 7. What is l(0)?
7
Let m(p) = 4*p + 195. Calculate m(0).
195
Let x(h) = h + 11. What is x(4)?
15
Let w(b) = -b**3 - 12*b**2 + 11*b - 11. What is w(-13)?
15
Let v(a) = -14*a - 21. Calculate v(-1).
-7
Let f(c) = 2*c**2 - 26*c - 20. What is f(12)?
-44
Let t(v) = v**2 - 11*v - 22. Determine t(10).
-32
Let p(n) = n**2 - 13*n + 13. Give p(12).
1
Let j(l) = 2*l + 62. What is j(-10)?
42
Let m(d) = -4*d**2 - d. Determine m(-3).
-33
Let v(l) = 2*l**3 - 10*l**2 - 19*l + 39. Determine v(6).
-3
Let u(z) = z**2 + 9*z + 20. Determine u(-7).
6
Let o(f) = -2*f + 8. Determine o(10).
-12
Let d(t) = -t**2 + 7*t - 10. Calculate d(4).
2
Let w(x) = x**3 + 10*x**2 + x + 6. Calculate w(-10).
-4
Let g(a) = a - 1. Give g(2).
1
Let b(i) = -2*i**3 - 2*i**2 + 4*i - 6. Give b(2).
-22
Let x(f) = -f**2 - f + 77. Give x(0).
77
Let h(r) = 2*r + 5. Determine h(-5).
-5
Let d(r) = -r**3 - 9*r**2 + 8*r - 9. Determine d(-10).
11
Let h(a) = 24*a**2 + 1. Give h(-1).
25
Let g(q) = -4*q - 1. Calculate g(3).
-13
Let c(k) = k**3 - 14*k**2 - 72*k - 13. Determine c(18).
-13
Let z(p) = -p**3 + 9*p**2 - 11*p + 20. What is z(8)?
-4
Let k(a) = -a**3 - 3*a**2 - 4*a - 7. Give k(-3).
5
Let v(u) = -2*u + 39. Calculate v(16).
7
Let p(s) = -2*s + 50. What is p(0)?
50
Let i(s) = -s**2 - 10*s + 7. Determine i(1).
-4
Let y(g) = -2*g + 13. Determine y(11).
-9
Let x(r) = 5*r**2 - 5*r + 9. Determine x(3).
39
Let s(v) = v**2 - 21*v + 39. Determine s(13).
-65
Let h(l) = 10*l - 15. What is h(2)?
5
Let h(q) = -3*q**2 + 6*q + 10. Determine h(-4).
-62
Let p(a) = 4*a**2 - 16*a + 4. Give p(4).
4
Let d(z) = 5*z + 8. What is d(-4)?
-12
Let b(y) = -13*y + 6. Give b(2).
-20
Let l(i) = -i**2 + 10*i + 58. What is l(16)?
-38
Let l(g) = -g**3 + 7*g**2 + 20*g - 131. What is l(7)?
9
Let d(c) = -35*c - 2. What is d(1)?
-37
Let i(f) = 5*f**2 + 2*f. What is i(-2)?
16
Let x(t) = -t + 11. Give x(9).
2
Let k(l) = -l**2 - 7*l + 12. What is k(-6)?
18
Let a(d) = -d**2 - 21*d - 80. Determine a(-5).
0
Let z(v) = v**3 - 35*v**2 - 3*v + 101. Determine z(35).
-4
Let x(w) = -15*w + 232. Calculate x(16).
-8
Let j(r) = -r**2 - 7*r + 3. Determine j(-9).
-15
Let t(d) = d**2 + 2*d - 89. Determine t(8).
-9
Let t(v) = -v**2 - 8*v - 18. Determine t(-11).
-